{"id":141,"date":"2019-07-28T19:22:47","date_gmt":"2019-07-28T17:22:47","guid":{"rendered":"https:\/\/sspberatung.de\/?page_id=141"},"modified":"2020-02-20T11:07:57","modified_gmt":"2020-02-20T10:07:57","slug":"netzwerk-arbeit-autismus-rhein-main","status":"publish","type":"page","link":"https:\/\/sspberatung.de\/index.php\/netzwerk-arbeit-autismus-rhein-main\/","title":{"rendered":"Netzwerk Arbeit &#038; Autismus Rhein-Main"},"content":{"rendered":"\n<div class=\"wp-block-columns is-layout-flex wp-container-core-columns-is-layout-8f761849 wp-block-columns-is-layout-flex\">\n<div class=\"wp-block-column is-layout-flow wp-block-column-is-layout-flow\" style=\"flex-basis:66.66%\">\n<p class=\"wp-block-paragraph\" style=\"font-size:16px\">Das Netzwerk ist eine freiwillige Kooperation von Betrieben und  Institutionen im Rhein-Main-Gebiet, die sich dem Ziel verpflichtet  f\u00fchlen, autistische Menschen auf dem Weg in den 1. Arbeitsmarkt zu  unterst\u00fctzen. <\/p>\n<\/div>\n\n\n\n<div class=\"wp-block-column is-layout-flow wp-block-column-is-layout-flow\" style=\"flex-basis:33.33%\">\n<div class=\"wp-block-image\"><figure class=\"aligncenter size-large is-resized\"><img loading=\"lazy\" decoding=\"async\" src=\"https:\/\/sspberatung.de\/wp-content\/uploads\/2020\/02\/Netzwerk-Logo.jpg\" alt=\"\" class=\"wp-image-665\" width=\"74\" height=\"54\"\/><\/figure><\/div>\n<\/div>\n<\/div>\n\n\n\n<p style=\"font-size:16px\" class=\"has-text-color has-black-color wp-block-paragraph\">Nachfolgend finden Sie Zug\u00e4nge zu <strong><em>Netzwerk public<\/em><\/strong>   &#8211; dem \u00f6ffentlichen Bereich &#8211;   sowie zu <strong><em>Netzwerk intern<\/em><\/strong>   &#8211; dem internen Bereich &#8211;     des Netzwerks. Die Verzeichnisse von <em>Netzwerk public<\/em> sind ohne Passw\u00f6rter zug\u00e4nglich, also f\u00fcr die \u00f6ffentliche Nutzung. Die Links von <em>Netzwerk intern<\/em> sind mit Passwort gesch\u00fctzt. Sie sind aktiven Partnern des Netzwerks zug\u00e4nglich. Zum Beispiel den Kolleg\/innen, die in bestimmten Arbeitsgruppen mitarbeiten.<\/p>\n\n\n\n<div class=\"wp-block-columns is-layout-flex wp-container-core-columns-is-layout-8f761849 wp-block-columns-is-layout-flex\">\n<div class=\"wp-block-column is-layout-flow wp-block-column-is-layout-flow\">\n<p style=\"color:#2a44ba;font-size:20px\" class=\"has-text-color has-text-align-center wp-block-paragraph\"> <a rel=\"noreferrer noopener\" href=\"https:\/\/sspberatung.de\/wp-content\/uploads\/2020\/02\/Netzwerk-public.pdf\" target=\"_blank\">Netzwerk public<\/a> <\/p>\n<\/div>\n\n\n\n<div class=\"wp-block-column is-layout-flow wp-block-column-is-layout-flow\">\n<p style=\"color:#00a310;font-size:20px\" class=\"has-text-color has-text-align-center wp-block-paragraph\"> <a href=\"https:\/\/sspberatung.de\/wp-content\/uploads\/2020\/02\/Netzwerk-intern.pdf\">Netzwerk intern<\/a> <\/p>\n<\/div>\n<\/div>\n\n\n\n<p class=\"wp-block-paragraph\" style=\"font-size:16px\">Wenn Sie auch auf Passwort-gesch\u00fctzte Bereiche zugreifen wollen, setzen  Sie sich bitte mit Verantwortlichen des Netzwerks in Verbindung: <\/p>\n\n\n\n<div class=\"wp-block-columns is-layout-flex wp-container-core-columns-is-layout-8f761849 wp-block-columns-is-layout-flex\">\n<div class=\"wp-block-column is-layout-flow wp-block-column-is-layout-flow\">\n<p style=\"color:#a30a00;font-size:15px\" class=\"has-text-color has-text-align-center wp-block-paragraph\"> Mail    RegioNetzInklusion@web.de  <\/p>\n<\/div>\n\n\n\n<div class=\"wp-block-column is-layout-flow wp-block-column-is-layout-flow\">\n<p style=\"color:#a30a00;font-size:15px\" class=\"has-text-color has-text-align-center wp-block-paragraph\"> Fon     069 &#8211; 661 233 65 <\/p>\n<\/div>\n<\/div>\n\n\n\n<div class=\"wp-block-columns is-layout-flex wp-container-core-columns-is-layout-8f761849 wp-block-columns-is-layout-flex\">\n<div class=\"wp-block-column is-layout-flow wp-block-column-is-layout-flow\">\n<div class=\"wp-block-image\"><figure class=\"aligncenter size-large\"><img loading=\"lazy\" decoding=\"async\" width=\"1024\" height=\"576\" src=\"https:\/\/sspberatung.de\/wp-content\/uploads\/2020\/02\/IMG-20170509-WA0000-1024x576.jpg\" alt=\"\" class=\"wp-image-594\" srcset=\"https:\/\/sspberatung.de\/wp-content\/uploads\/2020\/02\/IMG-20170509-WA0000-1024x576.jpg 1024w, https:\/\/sspberatung.de\/wp-content\/uploads\/2020\/02\/IMG-20170509-WA0000-300x169.jpg 300w, https:\/\/sspberatung.de\/wp-content\/uploads\/2020\/02\/IMG-20170509-WA0000-768x432.jpg 768w, https:\/\/sspberatung.de\/wp-content\/uploads\/2020\/02\/IMG-20170509-WA0000-800x450.jpg 800w, https:\/\/sspberatung.de\/wp-content\/uploads\/2020\/02\/IMG-20170509-WA0000.jpg 1280w\" sizes=\"auto, (max-width: 1024px) 100vw, 1024px\" \/><\/figure><\/div>\n<\/div>\n\n\n\n<div class=\"wp-block-column is-layout-flow wp-block-column-is-layout-flow\">\n<div class=\"wp-block-image\"><figure class=\"aligncenter size-large is-resized\"><img loading=\"lazy\" decoding=\"async\" src=\"https:\/\/sspberatung.de\/wp-content\/uploads\/2019\/12\/Autismus_Sammelb\u00fcchsen_Irland_2019-578x1024.jpg\" alt=\"\" class=\"wp-image-488\" width=\"145\" height=\"256\"\/><\/figure><\/div>\n\n\n\n<p style=\"font-size:14px\" class=\"has-text-align-center wp-block-paragraph\">In einem irischen Pub, Sommer 2019<\/p>\n<\/div>\n<\/div>\n","protected":false},"excerpt":{"rendered":"<p>Das Netzwerk ist eine freiwillige Kooperation von Betrieben und Institutionen im Rhein-Main-Gebiet, die sich dem Ziel verpflichtet f\u00fchlen, autistische Menschen auf dem Weg in den 1. Arbeitsmarkt zu unterst\u00fctzen. Nachfolgend finden Sie Zug\u00e4nge zu Netzwerk public &#8211; dem \u00f6ffentlichen Bereich &#8211; sowie zu Netzwerk intern &#8211; dem internen Bereich &#8211; des Netzwerks. Die Verzeichnisse von [&hellip;]<\/p>\n","protected":false},"author":1,"featured_media":0,"parent":0,"menu_order":0,"comment_status":"closed","ping_status":"closed","template":"","meta":{"_crdt_document":"","footnotes":""},"class_list":["post-141","page","type-page","status-publish","hentry","no-featured-image"],"_links":{"self":[{"href":"https:\/\/sspberatung.de\/index.php\/wp-json\/wp\/v2\/pages\/141","targetHints":{"allow":["GET"]}}],"collection":[{"href":"https:\/\/sspberatung.de\/index.php\/wp-json\/wp\/v2\/pages"}],"about":[{"href":"https:\/\/sspberatung.de\/index.php\/wp-json\/wp\/v2\/types\/page"}],"author":[{"embeddable":true,"href":"https:\/\/sspberatung.de\/index.php\/wp-json\/wp\/v2\/users\/1"}],"replies":[{"embeddable":true,"href":"https:\/\/sspberatung.de\/index.php\/wp-json\/wp\/v2\/comments?post=141"}],"version-history":[{"count":84,"href":"https:\/\/sspberatung.de\/index.php\/wp-json\/wp\/v2\/pages\/141\/revisions"}],"predecessor-version":[{"id":705,"href":"https:\/\/sspberatung.de\/index.php\/wp-json\/wp\/v2\/pages\/141\/revisions\/705"}],"wp:attachment":[{"href":"https:\/\/sspberatung.de\/index.php\/wp-json\/wp\/v2\/media?parent=141"}],"curies":[{"name":"wp","href":"https:\/\/api.w.org\/{rel}","templated":true}]}}